81
Let n(o) = -o**3 - 19*o**2 - 65*o - 86. Determine n(-15).
-11
Let y(c) = -21*c - 202. Determine y(-9).
-13
Let u(w) = 10*w - 52. Give u(6).
8
Let m(i) = 7*i**2 - 22*i - 156. What is m(-7)?
341
Let n(j) = j**3 - 69*j**2 + 34*j - 2315. What is n(69)?
31
Let h(z) = 11*z - 124. Give h(19).
85
Let w(r) = -6*r + 223. What is w(44)?
-41
Let t(d) = -26*d - 736. What is t(-28)?
-8
Let t(h) = h**3 - 11*h**2 + 23*h - 1. Determine t(8).
-9
Let u(n) = 426*n**2 - 1704*n + 14. What is u(4)?
14
Let c(r) = -342*r**2 + 11*r + 3. What is c(-1)?
-350
Let s(m) = -97*m - 9802. What is s(-101)?
-5
Let o(i) = -i**2 - 8*i + 131. Calculate o(13).
-142
Let m(t) = -8513*t - 51067. What is m(-6)?
11
Let i(w) = w**2 - 13*w - 38. Calculate i(13).
-38
Let z(f) = -4*f**3 - 12*f**2 + 10*f - 25. Calculate z(-4).
-1
Let b(w) = -4*w**2 - 447*w + 1840. Determine b(4).
-12
Let h(s) = 7*s + 509. Calculate h(-40).
229
Let y(j) = -3*j**3 - 147*j**2 - 133*j - 95. Give y(-48).
-623
Let g(r) = r**3 - 44*r**2 - 112*r + 145. Calculate g(46).
-775
Let l(r) = -r**3 + 105*r**2 - 9*r + 949. Determine l(105).
4
Let f(k) = 81*k - 722. Determine f(9).
7
Let n(l) = 13*l**2 + 137*l + 130. Give n(-1).
6
Let f(d) = -d**3 - 35*d**2 + 29*d - 112. Give f(-36).
140
Let y(u) = 1854*u + 24121. What is y(-13)?
19
Let r(k) = k**3 + 8*k**2 - 7*k - 15. Calculate r(-7).
83
Let y(f) = 92*f + 34. Give y(0).
34
Let d(b) = 8*b**2 + 462*b + 3. Give d(-58).
119
Let r(j) = -42*j + 51. What is r(1)?
9
Let p(g) = -g**3 - 9*g**2 + 29*g + 291. Determine p(-7).
-10
Let z(m) = m**2 + 11*m + 18. Determine z(-2).
0
Let s(t) = t**2 - 31*t - 525. What is s(45)?
105
Let d(c) = -4*c**2 + 167*c - 280. Determine d(40).
0
Let a(m) = -49*m - 4278. Determine a(-84).
-162
Let p(g) = 113*g + 1434. Determine p(-13).
-35
Let f(k) = -11*k + 596. Determine f(70).
-174
Let w(a) = -a**3 - 52*a**2 - 531*a + 53. Give w(-38).
15
Let u(q) = -257*q - 8248. What is u(-32)?
-24
Let v(w) = -22*w - 949. What is v(-35)?
-179
Let t(l) = -l**3 - 9*l**2 - 7*l - 18. What is t(-7)?
-67
Let x(w) = -12*w**2 - 81*w - 32. Determine x(-4).
100
Let w(c) = -10*c**2 + 266*c - 143. Determine w(26).
13
Let x(w) = w**3 + 26*w**2 + 84*w - 35. Give x(-22).
53
Let z(b) = 4*b**2 + 51*b + 115. Give z(-10).
5
Let z(f) = -2*f**2 + 70*f + 4562. Calculate z(68).
74
Let k(z) = 2*z**3 - 9*z**2 - 11*z + 18. Calculate k(5).
-12
Let h(i) = i**3 - 8*i**2 - 2*i - 12. Give h(12).
540
Let v(f) = 1218*f + 6046. Calculate v(-5).
-44
Let q(m) = -7*m**2 + 103*m + 26. Give q(14).
96
Let p(l) = 36*l + 224. Determine p(-12).
-208
Let m(s) = 37*s + 3279. What is m(-88)?
23
Let h(y) = 18*y**2 - 152*y + 64. Give h(8).
0
Let r(i) = -i**3 + 59*i**2 - 113*i - 32. Give r(57).
25
Let i(f) = -11*f**2 + 67*f - 4. What is i(6)?
2
Let h(y) = 67*y - 1995. Determine h(30).
15
Let q(y) = 55*y + 280. What is q(-6)?
-50
Let o(s) = -6*s**2 - 117*s - 345. Give o(-16).
-9
Let b(f) = -f**3 + 10*f**2 - 4*f - 17. Determine b(2).
7
Let c(g) = 48*g**2 - 863*g. Calculate c(18).
18
Let t(p) = 182*p + 810. What is t(-6)?
-282
Let q(m) = 27*m**2 - 145*m + 63. Calculate q(5).
13
Let m(q) = 5*q**3 + 14*q**2 - 94*q + 3. Give m(6).
1023
Let u(r) = -r**3 - 22*r**2 + 17*r - 137. Give u(-23).
1
Let s(i) = -i**3 - 7*i**2 + 15*i - 25. Calculate s(-9).
2
Let u(h) = -213*h + 4218. What is u(19)?
171
Let n(w) = 195*w - 737. Determine n(4).
43
Let x(u) = -u**2 + 42*u + 9. Give x(43).
-34
Let r(z) = 2*z**2 + 6*z - 2811. Calculate r(-39).
-3
Let q(t) = -12*t**2 + 798*t - 395. Calculate q(66).
1
Let z(o) = 8*o + 135. What is z(-13)?
31
Let m(f) = 2*f**3 + 166*f**2 + 492*f. Calculate m(-3).
-36
Let c(k) = -k**3 - 22*k**2 - 61*k + 16. Calculate c(-3).
28
Let k(l) = -l**3 - 59*l**2 + 186*l - 8. Determine k(-62).
-8
Let h(n) = 24*n - 236. What is h(-6)?
-380
Let z(n) = -n**2 - n - 192. What is z(10)?
-302
Let k(v) = 55*v - 51. Give k(9).
444
Let n(c) = c**3 - 6*c**2 + 7*c - 30. What is n(4)?
-34
Let r(x) = -23*x - 282. Give r(-8).
-98
Let v(d) = -169*d - 18920. Give v(-112).
8
Let i(u) = -u**2 + 8*u + 1682. Determine i(45).
17
Let p(w) = -27*w - 1. Give p(-2).
53
Let o(j) = -j**3 - 18*j**2 - 68*j + 31. Calculate o(-8).
-65
Let g(o) = -2*o**3 + 49*o**2 - 210*o. Calculate g(6).
72
Let k(s) = -813*s + 4084. Determine k(5).
19
Let b(z) = -365*z - 5116. Calculate b(-14).
-6
Let q(l) = 19*l - 16. Calculate q(-5).
-111
Let y(i) = 4*i**2 - 151*i - 45. Calculate y(38).
-7
Let a(x) = x**2 - 34*x - 138. Determine a(-5).
57
Let z(y) = -3268*y + 71886. Determine z(22).
-10
Let z(w) = -22*w**2 - 635*w + 98. Calculate z(-29).
11
Let m(f) = -f**2 - 128*f - 3065. Calculate m(-96).
7
Let i(g) = 2699*g + 13500. Give i(-5).
5
Let l(v) = 3*v**3 + 2*v**2 - 6*v + 7. What is l(1)?
6
Let b(l) = -47*l - 570. Calculate b(-12).
-6
Let b(p) = -p**3 - 16*p**2 - 62*p + 9. What is b(-9)?
0
Let t(n) = -6*n**3 - 4*n**2 + 6*n - 3. Give t(3).
-183
Let x(a) = -56*a**2 - 274*a - 19. Determine x(-5).
-49
Let o(t) = t**2 - 31*t - 16285. Give o(-113).
-13
Let n(w) = -3*w**2 - 41*w - 342. Determine n(-8).
-206
Let g(x) = 2*x**2 + 225*x + 141. Give g(-112).
29
Let b(p) = -9695*p + 29086. Give b(3).
1
Let c(q) = 13*q**2 + 60*q + 506. Determine c(-7).
723
Let w(v) = -92*v - 196. Calculate w(-2).
-12
Let k(h) = -h**3 + 41*h**2 + 187*h - 25. Determine k(45).
290
Let s(w) = 7*w**3 - 34*w**2 + 15*w - 33. Calculate s(4).
-69
Let n(i) = i**2 - 17*i - 23793. Calculate n(163).
5
Let u(w) = 7*w**2 - 9*w + 32. Give u(4).
108
Let g(m) = 23013*m - 46021. Determine g(2).
5
Let a(i) = 2*i**3 - 4*i**2 - 4*i - 3. What is a(-1)?
-5
Let p(k) = -401*k - 186. Calculate p(-3).
1017
Let b(h) = 5*h**2 - 982*h - 1961. Give b(-2).
23
Let b(h) = -h**3 - 19*h**2 + 37*h + 614. Determine b(-19).
-89
Let h(r) = r**3 - 12*r**2 + 16*r - 194. Determine h(12).
-2
Let g(a) = 25*a**2 + 222*a + 87. Calculate g(-8).
-89
Let j(z) = -2*z**3 + 11*z**2 - 16*z + 61. Determine j(7).
-198
Let c(m) = -3*m**3 + 26*m**2 - 63*m + 7. Calculate c(6).
-83
Let x(k) = 11*k - 31. Determine x(0).
-31
Let m(i) = -109*i + 1082. Calculate m(10).
-8
Let x(q) = -23*q**2 + 48*q + 29. Calculate x(4).
-147
Let d(p) = -24*p + 170. Calculate d(8).
-22
Let g(l) = l**3 + 3*l**2 - 3*l + 23. Give g(-5).
-12
Let c(f) = 8*f**2 - 58*f + 76. Determine c(6).
16
Let a(r) = r**2 - 160*r + 5115. Give a(44).
11
Let m(i) = 1138*i - 10263. Calculate m(9).
-21
Let p(f) = -2*f**2 - 18582*f - 148534. Determine p(-8).
-6
Let v(l) = l**2 - 67*l - 5213. Calculate v(-46).
-15
Let u(g) = -138*g - 539. Give u(-4).
13
Let p(x) = -2*x**2 + 104*x - 101. What is p(50)?
99
Let u(f) = -32*f - 387. Give u(-13).
29
Let v(j) = -253*j - 606. Determine v(-2).
-100
Let a(p) = p**2 + 48*p - 1245. What is a(18)?
-57
Let j(b) = -3*b**2 - 24*b + 25. Calculate j(-9).
-2
Let y(s) = -80*s**3 - 12*s**2 - 16*s - 5. What is y(-1)?
79
Let r(k) = 2*k**2 - 2*k + 18. Calculate r(-6).
102
Let j(y) = y**2 + 30*y - 2. Give j(-26).
-106
Let g(x) = 2492*x - 22423. Give g(9).
5
Let o(v) = -5*v - 513. Give o(-96).
-33
Let a(x) = 590*x - 3762. Determine a(7).
368
Let o(l) = -15*l**2 + 34*l - 93. Give o(3).
-126
Let g(m) = 5*m**2 + 553*m + 1919. Give g(-107).
-7
Let l(j) = -j**2 + 60*j + 2336. Determine l(87).
-13
Let z(u) = -803*u - 11242. Calculate z(-14).
0
Let l(i) = 19*i**2 + 266*i + 264. Determine l(-1).
17
Let u(j) = 6*j**2 - 453*j + 226. Give u(75).
1
Let i(x) = 39*x**2 - 2*x + 6. Determine i(2).
158
Let k(t) = -668*t + 11386. Give k(17).
30
Let v(o) = 2473*o - 14829. What is v(6)?
9
Let j(z) = -37*z**2 - 4*z - 4. Give j(-1).
-37
Let o(d) = -d**3 + 63*d**2 - 179*d + 21. Give o(60).
81
Let a(o) = 58*o - 1173. Calculate a(20).
-13
Let g(o) = -o**2 - 16*o + 41. Determine g(7).
-120
Let y(s) = -7*s**2 - 40*s + 7. Determine y(-6).
-5
Let d(x) = 14*x**3 - 3*x**2 + 16*x + 45. Calculate d(-3).
-408
Let s(a) = 2*a**3 + 76*a**2 + 218*a + 273. Calculate s(-35).
-7
Let v(a) = a**3 + 151*a**2 + 149*a - 161. Give v(-150).
-11
Let r(o) = o**3 + 21*o**2 - 8*o - 168. What is r(-21)?
0
Let k(l) = l**3 + 8*l**2 - 7*l + 6. Give k(-9).
-12
Let y(j) = j**2 + 32*j - 17. Determine y(-32).
-17
Let a(z) = -50*z - 3649. Calculate a(-73).
1
Let y(l) = 2*l**3 - 191*l**2 - 54*l - 4026. Give y(96).
6
Let z(l) = -l**3 + 22*l**2 - 4*l + 82. Give z(22).
-6
Let x(k) = -16*k + 223. What is x(15)?
-17
Let j(p) = 2*p**2 - 45*p +